List the prime factors of g(11).
2, 3, 5
Let l = -178 + 24. List the prime factors of l/(-8) - (-2)/(-8).
19
Suppose 0 = 19*n - 5625 - 12330. Suppose -5*t + n = -0*t. List the prime factors of t.
3, 7
Let k = 9 + 40. Let u = 109 - k. List the prime factors of u.
2, 3, 5
Let g be (-2)/(-7) + 216/(-21). Let u be 4/g + (-328)/5. Let j = -19 - u. What are the prime factors of j?
47
Let p(u) = -51*u + 11. Let c(f) = 103*f - 23. Let k(r) = 4*c(r) + 9*p(r). What are the prime factors of k(-2)?
101
Let z(a) = -a**3 + a + 1. Let h(r) = -5*r**3 - 13*r**2 - 3*r + 25. Let v(u) = -h(u) + 6*z(u). List the prime factors of v(13).
2, 7
Let o be 1 - (0 - (5 + -2)). Let q be (-2)/o*0*1. Suppose q = 4*f + 36 - 140. What are the prime factors of f?
2, 13
Suppose -4*z - 1895 = 6*m - 11*m, -4*m + 1516 = 3*z. What are the prime factors of m?
379
Let d(q) = -q**3 + 6*q + 14*q**2 + 4 + 4*q - 24*q + 7*q. What are the prime factors of d(13)?
2, 41
Suppose -o + 5*f = 9*f - 87, 0 = o + 3*f - 84. Let c = 44 + o. List the prime factors of c.
7, 17
Let k(d) = -3*d**3 - 4*d**2 + 4*d - 1. List the prime factors of k(-4).
3, 37
Let v(a) = 6*a**2 - a. Let g be v(-1). Let p be 3/(-2)*(g - -5). Let y = p + 44. List the prime factors of y.
2, 13
Suppose 6*u + 1917 = i + 3*u, -4*i - u = -7681. List the prime factors of i.
2, 3, 5
Let x(r) = -4*r - 2. Let f(t) = t**3 - 2*t**2 + 1. Let o be f(-1). Let l be x(o). Suppose 0 = -3*g + l*g - 78. List the prime factors of g.
2, 13
Suppose -3*m + 4*m + 5*p - 170 = 0, -5*m - 2*p = -942. List the prime factors of m.
2, 5, 19
Suppose -12 = -14*y + 170. What are the prime factors of y?
13
List the prime factors of (347 - 12) + 1 + -1 - -2.
337
Let j(m) = -42*m + 32. List the prime factors of j(-9).
2, 5, 41
Let n = -69 + 84. What are the prime factors of (2/(-1) + 40)/(3/n)?
2, 5, 19
Suppose 4*w - 3*w = 690. Suppose -4*k + w = -k. List the prime factors of k.
2, 5, 23
Let a(r) = -r**3 - 9*r**2 - 13*r + 4. Let d be a(-7). Suppose -66 = 2*n + 62. What are the prime factors of d - (n - -1) - 1?
59
Suppose -12*r + 4 = -10*r. Suppose -r*g - 4 = 6. Let h(i) = 2*i**2 + 3*i + 6. What are the prime factors of h(g)?
41
Suppose 0 = c + 2*c + 27. Let n = -1 + c. List the prime factors of (-46)/n - 4/(-10).
5
Let l = 0 + -1. Let b = 214 + -211. List the prime factors of (b + -41 - -2)*l.
2, 3
Let b = -21 + -21. List the prime factors of (5/10)/(2 - (-83)/b).
3, 7
Suppose -3*a = -7*a + 2*d - 12, -2*a - 5*d = -6. Let m = -376 + 375. List the prime factors of ((-136)/(-16))/(m/a).
17
Suppose 0 = -2*t + 3*t. Suppose 0 = -f - 5*b - 54, -b = -t*f - 5*f - 140. Let g = -10 - f. What are the prime factors of g?
19
Let j(b) = -b**3 + b**2 + 6*b - 6. Let k be j(3). What are the prime factors of ((-9)/2)/(k/40)?
2, 3, 5
Let t(k) = -4*k + 2. What are the prime factors of t(-12)?
2, 5
Let j be 9/(4 - (-1167)/(-294)). Suppose -6*v = -3*v - j. List the prime factors of v.
2, 7
Let u(i) = 2*i + 1. Let z be u(-11). Let a = 9 - z. Suppose o - 2*o + a = 0. List the prime factors of o.
2, 3, 5
Let i be ((-2382)/4)/(((-27)/(-4))/(-9)). Suppose -i = -9*b + 1510. List the prime factors of b.
2
Suppose 0 = -8*r + 1531 + 1181. List the prime factors of r.
3, 113
Let f = 17 + -26. Let q be f/(-9) - (1 - 0). Suppose q = 8*u - 6*u - 70. List the prime factors of u.
5, 7
Suppose 0 = -700*z + 699*z + 345. List the prime factors of z.
3, 5, 23
Let d = 1 - -3. List the prime factors of (1/(2 - d))/(2/(-340)).
5, 17
Let g = 2913 - 1509. What are the prime factors of g?
2, 3, 13
Suppose -13*a + 96 = -73. What are the prime factors of a?
13
Let p be (-4)/6*216/(-48). Suppose -p*i - 8*m + 511 = -3*m, -3*i - m = -515. What are the prime factors of i?
2, 43
Let d be 1 + -5 - (-205 - 6). Let l = d - 146. What are the prime factors of l?
61
Suppose 4*b - 45 + 29 = 0. Suppose 0 = -b*i + 198 + 114. List the prime factors of i.
2, 3, 13
Let a(f) = 6*f - 66. Let v be a(9). What are the prime factors of (v - -15) + -10*2*-11?
223
Suppose -4*v + 2 = -o - 8, 4*o - 2*v + 12 = 0. Let t = o - -8. List the prime factors of (4/t)/(4/36).
2, 3
Let z(s) be the first derivative of s**2 + 5*s + 9. What are the prime factors of z(3)?
11
Suppose 5*d + 0*l - 8894 = l, -4*d + l + 7116 = 0. What are the prime factors of d?
2, 7, 127
List the prime factors of -6*(-7)/7 - -162.
2, 3, 7
Let j = -1084 - -1255. List the prime factors of j.
3, 19
List the prime factors of 23100/(-175)*1/4*-47.
3, 11, 47
Let v = -181 - -450. List the prime factors of v.
269
Suppose 0 = -17*p + 14*p - 180. What are the prime factors of (-4845)/p - 2/(-8)?
3
Let n(j) = j + 2. Let a be n(2). Suppose -v = -5*u + 7, 5*v - 6 = a*u + 1. What are the prime factors of (u/5)/((-3)/(-90))?
2, 3
Suppose 15*o = 1486 + 2819. What are the prime factors of o?
7, 41
Suppose 9*o + 40851 = 36*o. What are the prime factors of o?
17, 89
Let u(w) = 32*w - 23. Let v be u(-7). Let g = v - -484. Suppose -6*n + g = -33. What are the prime factors of n?
3, 5
What are the prime factors of (10*51)/1 + 0/1?
2, 3, 5, 17
Let n(q) = -2*q**2 - 51*q + 33. List the prime factors of n(-26).
7
Suppose -4*m + 6*p - 5*p = -5, 1 = -4*m + 3*p. Suppose 3*k - 3*w = m*w + 350, -3 = 3*w. List the prime factors of k.
5, 23
Let h = 337 + -189. Let d be ((-2)/6)/(-1) - 1500/(-36). Suppose -2*g - d = -h. What are the prime factors of g?
53
Let h = -12 + 12. Suppose -c - 1 = -h*c + 2*s, 3 = -s. Suppose -z + c*z = 40. What are the prime factors of z?
2, 5
Suppose 7518 = 2*j - 2*a - 2*a, j - 3757 = 3*a. What are the prime factors of j?
53, 71
Let i(h) be the first derivative of 13*h**3/3 - h**2/2 + 3*h + 8. What are the prime factors of i(-3)?
3, 41
Let q(l) = 2 + l**3 - 2*l**2 - 8 - 2*l**2 - 2*l. Let j be q(5). Suppose 5*d = j*d - 132. What are the prime factors of d?
3, 11
What are the prime factors of ((-3)/(-1))/(72252/4816 + -15)?
2, 7, 43
Let g be ((-172)/10)/(7/(-140)). Suppose -2*s - s + x = -g, 248 = 2*s + 4*x. Suppose -5*r - i = -118, 0 = -r - 4*r - 2*i + s. List the prime factors of r.
2, 3
Let k(i) = 415*i - 201. List the prime factors of k(4).
1459
Let w(m) = -m**3 - 5*m**2 - 11*m + 11. Let y(q) = -5*q**3 - 21*q**2 - 45*q + 43. Let l(n) = 9*w(n) - 2*y(n). List the prime factors of l(7).
2, 73
Suppose 3*c + 3*w = 105, 4*c - 76 - 63 = -5*w. List the prime factors of (-8)/c - (-1160)/36.
2
Suppose -9*v = -3*v - 300. Suppose 48*q - 47*q = v. What are the prime factors of q?
2, 5
Let z(f) = -9*f**2 - 70 - 3*f**3 - 69 + 3*f + 2*f**3 + 148 + 4*f**2. Let c be ((-18)/15)/((-2)/(-10)). List the prime factors of z(c).
3
Let p(w) = 24*w**3 + w**2. Let i be p(-2). Let y = -125 - i. What are the prime factors of y?
3, 7
Suppose 54 = -0*q + 2*q. Suppose -36 = -q*b + 24*b. List the prime factors of (b/(-3))/(-4) + 31.
2
Let y(z) = -13*z. Let g be y(-6). Let j = 89 + -71. Suppose g = 4*c + j. List the prime factors of c.
3, 5
Suppose j + 4*y = -6, -5*j - 2*y = 2*y - 34. Let p(c) = c**2 - 10*c + 3. Let x be p(j). Suppose 2*z - z - x = 0. List the prime factors of z.
3
Let m(l) = -1 + 1 + 2 - 2*l. Let y(g) = -5*g**2 + g. Let q be y(1). What are the prime factors of m(q)?
2, 5
Suppose -4555*g + 4533 = -4554*g. What are the prime factors of g?
3, 1511
Suppose 6 = -j + 4. Let f be -1 - 328/(j - 2). List the prime factors of (-6)/9*f/(-6).
3
Suppose 2*w + w = -1092. Let a = w + 581. List the prime factors of a.
7, 31
Let l(y) = -6*y + 117. List the prime factors of l(-10).
3, 59
Let d(c) = 45*c**2 + 21*c + 16. Let p(o) = -9*o**2 - 4*o - 3. Let x(l) = -4*d(l) - 22*p(l). List the prime factors of x(-3).
2, 19
Let b = 3 - 7. Let a(t) = -t**3 - 4*t**2 - 2*t - 5. Let x be a(b). Suppose -3*o - 5*y + 142 = 0, -18 = -3*o - x*y + 114. What are the prime factors of o?
3, 13
Let z be -3 - 0 - (2 - 19). Let a = z + -10. Suppose w + a*w - 85 = 0. List the prime factors of w.
17
What are the prime factors of 5*5/((-75)/(-8772))?
2, 17, 43
What are the prime factors of ((246636/91)/17)/(2/14)?
2, 3, 31
Suppose -b - 60 = 4*b. Suppose 0 = 16*t - 12*t - 72. Let i = t + b. List the prime factors of i.
2, 3
Let d = 286 + 61. List the prime factors of d.
347
Suppose 77 = 4*v - 723. Suppose -2*y = 4*l - v + 20, 44 = l + y. List the prime factors of l.
2, 23
Let c(w) be the third derivative of -w**4/6 + 7*w**3/6 + 12*w**2